{"id":8548,"date":"2024-08-27T12:21:25","date_gmt":"2024-08-27T10:21:25","guid":{"rendered":"https:\/\/shop.petercernicka.eu\/?post_type=product&#038;p=8548"},"modified":"2026-01-31T14:47:04","modified_gmt":"2026-01-31T13:47:04","slug":"bb-baryton-karl-glaser-4-ventilovy","status":"publish","type":"product","link":"https:\/\/shop.petercernicka.eu\/de\/shop\/tenor-baryton\/bb-baryton-karl-glaser-4-ventilovy\/","title":{"rendered":"Bb Baryt\u00f3n Karl Glaser &#8211; 4 ventilov\u00fd"},"content":{"rendered":"<ul>\n<li>Bb ladenie<\/li>\n<li>4 rota\u010dn\u00e9 ventily<\/li>\n<li>Ka\u017ed\u00fd ventil je ladite\u013en\u00fd<\/li>\n<li>vodn\u00e1 klapka<\/li>\n<li>mosadz &#8211; lakovan\u00fd;<\/li>\n<li>V\u0155tanie 15 mm<\/li>\n<li>Korpus: cca 28 cm<\/li>\n<li>Tento baryt\u00f3n m\u00e1 pr\u00edjemne \u013eahk\u00fa odozvu a m\u00e4k\u00fd zvuk.<\/li>\n<li>Nov\u00fd model je vylep\u0161en\u00fd a m\u00e1 gu\u013eov\u00e9 k\u013aby. Odpor\u00fa\u010dan\u00e9 profesion\u00e1lmi, dobr\u00fd n\u00e1stroj pre \u0161tudentov a pokro\u010dil\u00fdch hudobn\u00edkov.<\/li>\n<\/ul>","protected":false},"excerpt":{"rendered":"<ul>\n<li><strong>N\u00e1stroje vyroben\u00e9 pre Nemeck\u00fd trh<\/strong><\/li>\n<li><strong>Vhodn\u00e9 do dychoviek, dychov\u00fdch orchestrov, \u017eiakov ZU\u0160 a in\u00e9.<\/strong><\/li>\n<li><strong>Z\u00e1ruka 2 roky<\/strong><\/li>\n<\/ul>","protected":false},"featured_media":8549,"comment_status":"closed","ping_status":"closed","template":"","meta":{"om_disable_all_campaigns":false},"product_brand":[],"product_cat":[1142],"product_tag":[1152],"class_list":{"0":"post-8548","1":"product","2":"type-product","3":"status-publish","4":"has-post-thumbnail","6":"product_cat-tenor-baryton","7":"product_tag-baryton","9":"first","10":"outofstock","11":"taxable","12":"shipping-taxable","13":"purchasable","14":"product-type-simple"},"yoast_head":"<!-- This site is optimized with the Yoast SEO plugin v27.4 - https:\/\/yoast.com\/product\/yoast-seo-wordpress\/ -->\n<title>Bb Baryt\u00f3n Karl Glaser - 4 ventilov\u00fd - Peter \u010cerni\u010dka | Noty | HUDOBN\u00c9 PODKLADY<\/title>\n<meta name=\"robots\" content=\"index, follow, max-snippet:-1, max-image-preview:large, max-video-preview:-1\" \/>\n<link rel=\"canonical\" href=\"https:\/\/shop.petercernicka.eu\/de\/shop\/tenor-baryton\/bb-baryton-karl-glaser-4-ventilovy\/\" \/>\n<meta property=\"og:locale\" content=\"de_DE\" \/>\n<meta property=\"og:type\" content=\"article\" \/>\n<meta property=\"og:title\" content=\"Bb Baryt\u00f3n Karl Glaser - 4 ventilov\u00fd\" \/>\n<meta property=\"og:description\" content=\"N\u00e1stroje vyroben\u00e9 pre Nemeck\u00fd trh  Vhodn\u00e9 do dychoviek, dychov\u00fdch orchestrov, \u017eiakov ZU\u0160 a in\u00e9.  Z\u00e1ruka 2 roky\" \/>\n<meta property=\"og:url\" content=\"https:\/\/shop.petercernicka.eu\/de\/shop\/tenor-baryton\/bb-baryton-karl-glaser-4-ventilovy\/\" \/>\n<meta property=\"og:site_name\" content=\"Peter \u010cerni\u010dka | Noty | HUDOBN\u00c9 PODKLADY\" \/>\n<meta property=\"article:publisher\" content=\"https:\/\/www.facebook.com\/petercernickanoty\" \/>\n<meta property=\"article:modified_time\" content=\"2026-01-31T13:47:04+00:00\" \/>\n<meta property=\"og:image\" content=\"https:\/\/shop.petercernicka.eu\/wp-content\/uploads\/2024\/08\/Bb-Baryton-Karl-Glaser-4-ventilovy.jpg\" \/>\n\t<meta property=\"og:image:width\" content=\"1000\" \/>\n\t<meta property=\"og:image:height\" content=\"667\" \/>\n\t<meta property=\"og:image:type\" content=\"image\/jpeg\" \/>\n<meta name=\"twitter:card\" content=\"summary_large_image\" \/>\n<script type=\"application\/ld+json\" class=\"yoast-schema-graph\">{\"@context\":\"https:\\\/\\\/schema.org\",\"@graph\":[{\"@type\":\"WebPage\",\"@id\":\"https:\\\/\\\/shop.petercernicka.eu\\\/shop\\\/tenor-baryton\\\/bb-baryton-karl-glaser-4-ventilovy\\\/\",\"url\":\"https:\\\/\\\/shop.petercernicka.eu\\\/shop\\\/tenor-baryton\\\/bb-baryton-karl-glaser-4-ventilovy\\\/\",\"name\":\"Bb Baryt\u00f3n Karl Glaser - 4 ventilov\u00fd - Peter \u010cerni\u010dka | Noty | HUDOBN\u00c9 PODKLADY\",\"isPartOf\":{\"@id\":\"https:\\\/\\\/shop.petercernicka.eu\\\/#website\"},\"primaryImageOfPage\":{\"@id\":\"https:\\\/\\\/shop.petercernicka.eu\\\/shop\\\/tenor-baryton\\\/bb-baryton-karl-glaser-4-ventilovy\\\/#primaryimage\"},\"image\":{\"@id\":\"https:\\\/\\\/shop.petercernicka.eu\\\/shop\\\/tenor-baryton\\\/bb-baryton-karl-glaser-4-ventilovy\\\/#primaryimage\"},\"thumbnailUrl\":\"https:\\\/\\\/shop.petercernicka.eu\\\/wp-content\\\/uploads\\\/2024\\\/08\\\/Bb-Baryton-Karl-Glaser-4-ventilovy.jpg\",\"datePublished\":\"2024-08-27T10:21:25+00:00\",\"dateModified\":\"2026-01-31T13:47:04+00:00\",\"breadcrumb\":{\"@id\":\"https:\\\/\\\/shop.petercernicka.eu\\\/shop\\\/tenor-baryton\\\/bb-baryton-karl-glaser-4-ventilovy\\\/#breadcrumb\"},\"inLanguage\":\"de\",\"potentialAction\":[{\"@type\":\"ReadAction\",\"target\":[\"https:\\\/\\\/shop.petercernicka.eu\\\/shop\\\/tenor-baryton\\\/bb-baryton-karl-glaser-4-ventilovy\\\/\"]}]},{\"@type\":\"ImageObject\",\"inLanguage\":\"de\",\"@id\":\"https:\\\/\\\/shop.petercernicka.eu\\\/shop\\\/tenor-baryton\\\/bb-baryton-karl-glaser-4-ventilovy\\\/#primaryimage\",\"url\":\"https:\\\/\\\/shop.petercernicka.eu\\\/wp-content\\\/uploads\\\/2024\\\/08\\\/Bb-Baryton-Karl-Glaser-4-ventilovy.jpg\",\"contentUrl\":\"https:\\\/\\\/shop.petercernicka.eu\\\/wp-content\\\/uploads\\\/2024\\\/08\\\/Bb-Baryton-Karl-Glaser-4-ventilovy.jpg\",\"width\":1000,\"height\":667},{\"@type\":\"BreadcrumbList\",\"@id\":\"https:\\\/\\\/shop.petercernicka.eu\\\/shop\\\/tenor-baryton\\\/bb-baryton-karl-glaser-4-ventilovy\\\/#breadcrumb\",\"itemListElement\":[{\"@type\":\"ListItem\",\"position\":1,\"name\":\"Home\",\"item\":\"https:\\\/\\\/shop.petercernicka.eu\\\/\"},{\"@type\":\"ListItem\",\"position\":2,\"name\":\"Produkty\",\"item\":\"https:\\\/\\\/shop.petercernicka.eu\\\/obchod\\\/\"},{\"@type\":\"ListItem\",\"position\":3,\"name\":\"Bb Baryt\u00f3n Karl Glaser &#8211; 4 ventilov\u00fd\"}]},{\"@type\":\"WebSite\",\"@id\":\"https:\\\/\\\/shop.petercernicka.eu\\\/#website\",\"url\":\"https:\\\/\\\/shop.petercernicka.eu\\\/\",\"name\":\"Peter \u010cerni\u010dka | Noty | HUDOBN\u00c9 PODKLADY\",\"description\":\"\u013eudov\u00e9 piesne, popul\u00e1rne \u0161l\u00e1gre, \u010desko-slovensk\u00e9 hity, cig\u00e1nske piesne, ewergreeny, viano\u010dn\u00e9 koledy\",\"potentialAction\":[{\"@type\":\"SearchAction\",\"target\":{\"@type\":\"EntryPoint\",\"urlTemplate\":\"https:\\\/\\\/shop.petercernicka.eu\\\/?s={search_term_string}\"},\"query-input\":{\"@type\":\"PropertyValueSpecification\",\"valueRequired\":true,\"valueName\":\"search_term_string\"}}],\"inLanguage\":\"de\"}]}<\/script>\n<!-- \/ Yoast SEO plugin. -->","yoast_head_json":{"title":"Bb Baryt\u00f3n Karl Glaser - 4 ventilov\u00fd - Peter \u010cerni\u010dka | Noty | HUDOBN\u00c9 PODKLADY","robots":{"index":"index","follow":"follow","max-snippet":"max-snippet:-1","max-image-preview":"max-image-preview:large","max-video-preview":"max-video-preview:-1"},"canonical":"https:\/\/shop.petercernicka.eu\/de\/shop\/tenor-baryton\/bb-baryton-karl-glaser-4-ventilovy\/","og_locale":"de_DE","og_type":"article","og_title":"Bb Baryt\u00f3n Karl Glaser - 4 ventilov\u00fd","og_description":"N\u00e1stroje vyroben\u00e9 pre Nemeck\u00fd trh  Vhodn\u00e9 do dychoviek, dychov\u00fdch orchestrov, \u017eiakov ZU\u0160 a in\u00e9.  Z\u00e1ruka 2 roky","og_url":"https:\/\/shop.petercernicka.eu\/de\/shop\/tenor-baryton\/bb-baryton-karl-glaser-4-ventilovy\/","og_site_name":"Peter \u010cerni\u010dka | Noty | HUDOBN\u00c9 PODKLADY","article_publisher":"https:\/\/www.facebook.com\/petercernickanoty","article_modified_time":"2026-01-31T13:47:04+00:00","og_image":[{"width":1000,"height":667,"url":"https:\/\/shop.petercernicka.eu\/wp-content\/uploads\/2024\/08\/Bb-Baryton-Karl-Glaser-4-ventilovy.jpg","type":"image\/jpeg"}],"twitter_card":"summary_large_image","schema":{"@context":"https:\/\/schema.org","@graph":[{"@type":"WebPage","@id":"https:\/\/shop.petercernicka.eu\/shop\/tenor-baryton\/bb-baryton-karl-glaser-4-ventilovy\/","url":"https:\/\/shop.petercernicka.eu\/shop\/tenor-baryton\/bb-baryton-karl-glaser-4-ventilovy\/","name":"Bb Baryt\u00f3n Karl Glaser - 4 ventilov\u00fd - Peter \u010cerni\u010dka | Noty | HUDOBN\u00c9 PODKLADY","isPartOf":{"@id":"https:\/\/shop.petercernicka.eu\/#website"},"primaryImageOfPage":{"@id":"https:\/\/shop.petercernicka.eu\/shop\/tenor-baryton\/bb-baryton-karl-glaser-4-ventilovy\/#primaryimage"},"image":{"@id":"https:\/\/shop.petercernicka.eu\/shop\/tenor-baryton\/bb-baryton-karl-glaser-4-ventilovy\/#primaryimage"},"thumbnailUrl":"https:\/\/shop.petercernicka.eu\/wp-content\/uploads\/2024\/08\/Bb-Baryton-Karl-Glaser-4-ventilovy.jpg","datePublished":"2024-08-27T10:21:25+00:00","dateModified":"2026-01-31T13:47:04+00:00","breadcrumb":{"@id":"https:\/\/shop.petercernicka.eu\/shop\/tenor-baryton\/bb-baryton-karl-glaser-4-ventilovy\/#breadcrumb"},"inLanguage":"de","potentialAction":[{"@type":"ReadAction","target":["https:\/\/shop.petercernicka.eu\/shop\/tenor-baryton\/bb-baryton-karl-glaser-4-ventilovy\/"]}]},{"@type":"ImageObject","inLanguage":"de","@id":"https:\/\/shop.petercernicka.eu\/shop\/tenor-baryton\/bb-baryton-karl-glaser-4-ventilovy\/#primaryimage","url":"https:\/\/shop.petercernicka.eu\/wp-content\/uploads\/2024\/08\/Bb-Baryton-Karl-Glaser-4-ventilovy.jpg","contentUrl":"https:\/\/shop.petercernicka.eu\/wp-content\/uploads\/2024\/08\/Bb-Baryton-Karl-Glaser-4-ventilovy.jpg","width":1000,"height":667},{"@type":"BreadcrumbList","@id":"https:\/\/shop.petercernicka.eu\/shop\/tenor-baryton\/bb-baryton-karl-glaser-4-ventilovy\/#breadcrumb","itemListElement":[{"@type":"ListItem","position":1,"name":"Home","item":"https:\/\/shop.petercernicka.eu\/"},{"@type":"ListItem","position":2,"name":"Produkty","item":"https:\/\/shop.petercernicka.eu\/obchod\/"},{"@type":"ListItem","position":3,"name":"Bb Baryt\u00f3n Karl Glaser &#8211; 4 ventilov\u00fd"}]},{"@type":"WebSite","@id":"https:\/\/shop.petercernicka.eu\/#website","url":"https:\/\/shop.petercernicka.eu\/","name":"Peter \u010cerni\u010dka | Noty | HUDOBN\u00c9 PODKLADY","description":"Volkslieder, Schlager, Tschechoslowakische Schlager, Zigeunerlieder, Evergreens, Weihnachtslieder","potentialAction":[{"@type":"SearchAction","target":{"@type":"EntryPoint","urlTemplate":"https:\/\/shop.petercernicka.eu\/?s={search_term_string}"},"query-input":{"@type":"PropertyValueSpecification","valueRequired":true,"valueName":"search_term_string"}}],"inLanguage":"de"}]}},"_links":{"self":[{"href":"https:\/\/shop.petercernicka.eu\/de\/wp-json\/wp\/v2\/product\/8548","targetHints":{"allow":["GET"]}}],"collection":[{"href":"https:\/\/shop.petercernicka.eu\/de\/wp-json\/wp\/v2\/product"}],"about":[{"href":"https:\/\/shop.petercernicka.eu\/de\/wp-json\/wp\/v2\/types\/product"}],"replies":[{"embeddable":true,"href":"https:\/\/shop.petercernicka.eu\/de\/wp-json\/wp\/v2\/comments?post=8548"}],"wp:featuredmedia":[{"embeddable":true,"href":"https:\/\/shop.petercernicka.eu\/de\/wp-json\/wp\/v2\/media\/8549"}],"wp:attachment":[{"href":"https:\/\/shop.petercernicka.eu\/de\/wp-json\/wp\/v2\/media?parent=8548"}],"wp:term":[{"taxonomy":"product_brand","embeddable":true,"href":"https:\/\/shop.petercernicka.eu\/de\/wp-json\/wp\/v2\/product_brand?post=8548"},{"taxonomy":"product_cat","embeddable":true,"href":"https:\/\/shop.petercernicka.eu\/de\/wp-json\/wp\/v2\/product_cat?post=8548"},{"taxonomy":"product_tag","embeddable":true,"href":"https:\/\/shop.petercernicka.eu\/de\/wp-json\/wp\/v2\/product_tag?post=8548"}],"curies":[{"name":"wp","href":"https:\/\/api.w.org\/{rel}","templated":true}]}}

Bb Barytón Karl Glaser &#8211; 4 ventilový

<ul>
<li>Bb ladenie</li>
<li>4 rotačné ventily</li>
<li>Každý ventil je laditeľný</li>
<li>vodná klapka</li>
<li>mosadz &#8211; lakovaný;</li>
<li>Vŕtanie 15 mm</li>
<li>Korpus: cca 28 cm</li>
<li>Tento barytón má príjemne ľahkú odozvu a mäký zvuk.</li>
<li>Nový model je vylepšený a má guľové kĺby. Odporúčané profesionálmi, dobrý nástroj pre študentov a pokročilých hudobníkov.</li>
</ul>

<ul>
<li><strong>Nástroje vyrobené pre Nemecký trh</strong></li>
<li><strong>Vhodné do dychoviek, dychových orchestrov, žiakov ZUŠ a iné.</strong></li>
<li><strong>Záruka 2 roky</strong></li>
</ul>

<!-- This site is optimized with the Yoast SEO plugin v27.4 - https://yoast.com/product/yoast-seo-wordpress/ -->
<title>Bb Barytón Karl Glaser - 4 ventilový - Peter Černička | Noty | HUDOBNÉ PODKLADY</title>
<meta name="robots" content="index, follow, max-snippet:-1, max-image-preview:large, max-video-preview:-1" />
<link rel="canonical" href="https://shop.petercernicka.eu/de/shop/tenor-baryton/bb-baryton-karl-glaser-4-ventilovy/" />
<meta property="og:locale" content="de_DE" />
<meta property="og:type" content="article" />
<meta property="og:title" content="Bb Barytón Karl Glaser - 4 ventilový" />
<meta property="og:description" content="Nástroje vyrobené pre Nemecký trh  Vhodné do dychoviek, dychových orchestrov, žiakov ZUŠ a iné.  Záruka 2 roky" />
<meta property="og:url" content="https://shop.petercernicka.eu/de/shop/tenor-baryton/bb-baryton-karl-glaser-4-ventilovy/" />
<meta property="og:site_name" content="Peter Černička | Noty | HUDOBNÉ PODKLADY" />
<meta property="article:publisher" content="https://www.facebook.com/petercernickanoty" />
<meta property="article:modified_time" content="2026-01-31T13:47:04+00:00" />
<meta property="og:image" content="https://shop.petercernicka.eu/wp-content/uploads/2024/08/Bb-Baryton-Karl-Glaser-4-ventilovy.jpg" />
	<meta property="og:image:width" content="1000" />
	<meta property="og:image:height" content="667" />
	<meta property="og:image:type" content="image/jpeg" />
<meta name="twitter:card" content="summary_large_image" />
<script type="application/ld+json" class="yoast-schema-graph">{"@context":"https:\/\/schema.org","@graph":[{"@type":"WebPage","@id":"https:\/\/shop.petercernicka.eu\/shop\/tenor-baryton\/bb-baryton-karl-glaser-4-ventilovy\/","url":"https:\/\/shop.petercernicka.eu\/shop\/tenor-baryton\/bb-baryton-karl-glaser-4-ventilovy\/","name":"Bb Barytón Karl Glaser - 4 ventilový - Peter Černička | Noty | HUDOBNÉ PODKLADY","isPartOf":{"@id":"https:\/\/shop.petercernicka.eu\/#website"},"primaryImageOfPage":{"@id":"https:\/\/shop.petercernicka.eu\/shop\/tenor-baryton\/bb-baryton-karl-glaser-4-ventilovy\/#primaryimage"},"image":{"@id":"https:\/\/shop.petercernicka.eu\/shop\/tenor-baryton\/bb-baryton-karl-glaser-4-ventilovy\/#primaryimage"},"thumbnailUrl":"https:\/\/shop.petercernicka.eu\/wp-content\/uploads\/2024\/08\/Bb-Baryton-Karl-Glaser-4-ventilovy.jpg","datePublished":"2024-08-27T10:21:25+00:00","dateModified":"2026-01-31T13:47:04+00:00","breadcrumb":{"@id":"https:\/\/shop.petercernicka.eu\/shop\/tenor-baryton\/bb-baryton-karl-glaser-4-ventilovy\/#breadcrumb"},"inLanguage":"de","potentialAction":[{"@type":"ReadAction","target":["https:\/\/shop.petercernicka.eu\/shop\/tenor-baryton\/bb-baryton-karl-glaser-4-ventilovy\/"]}]},{"@type":"ImageObject","inLanguage":"de","@id":"https:\/\/shop.petercernicka.eu\/shop\/tenor-baryton\/bb-baryton-karl-glaser-4-ventilovy\/#primaryimage","url":"https:\/\/shop.petercernicka.eu\/wp-content\/uploads\/2024\/08\/Bb-Baryton-Karl-Glaser-4-ventilovy.jpg","contentUrl":"https:\/\/shop.petercernicka.eu\/wp-content\/uploads\/2024\/08\/Bb-Baryton-Karl-Glaser-4-ventilovy.jpg","width":1000,"height":667},{"@type":"BreadcrumbList","@id":"https:\/\/shop.petercernicka.eu\/shop\/tenor-baryton\/bb-baryton-karl-glaser-4-ventilovy\/#breadcrumb","itemListElement":[{"@type":"ListItem","position":1,"name":"Home","item":"https:\/\/shop.petercernicka.eu\/"},{"@type":"ListItem","position":2,"name":"Produkty","item":"https:\/\/shop.petercernicka.eu\/obchod\/"},{"@type":"ListItem","position":3,"name":"Bb Barytón Karl Glaser &#8211; 4 ventilový"}]},{"@type":"WebSite","@id":"https:\/\/shop.petercernicka.eu\/#website","url":"https:\/\/shop.petercernicka.eu\/","name":"Peter Černička | Noty | HUDOBNÉ PODKLADY","description":"ľudové piesne, populárne šlágre, česko-slovenské hity, cigánske piesne, ewergreeny, vianočné koledy","potentialAction":[{"@type":"SearchAction","target":{"@type":"EntryPoint","urlTemplate":"https:\/\/shop.petercernicka.eu\/?s={search_term_string}"},"query-input":{"@type":"PropertyValueSpecification","valueRequired":true,"valueName":"search_term_string"}}],"inLanguage":"de"}]}</script>
<!-- / Yoast SEO plugin. -->

Bb Barytón Karl Glaser - 4 ventilový - Peter Černička | Noty | HUDOBNÉ PODKLADY

Bb Barytón Karl Glaser - 4 ventilový

Nástroje vyrobené pre Nemecký trh  Vhodné do dychoviek, dychových orchestrov, žiakov ZUŠ a iné.  Záruka 2 roky

Peter Černička | Noty | HUDOBNÉ PODKLADY
