{"id":8374,"date":"2024-06-26T10:14:34","date_gmt":"2024-06-26T08:14:34","guid":{"rendered":"https:\/\/shop.petercernicka.eu\/?post_type=product&#038;p=8374"},"modified":"2026-01-31T14:47:06","modified_gmt":"2026-01-31T13:47:06","slug":"sopran-saxofon-karl-glaser-cierny","status":"publish","type":"product","link":"https:\/\/shop.petercernicka.eu\/de\/shop\/saxofony\/sopran-saxofon-karl-glaser-cierny\/","title":{"rendered":"SOPRAN SAXOF\u00d3N KARL GLASER- \u010dierny"},"content":{"rendered":"<ul>\n<li>Ladenie: Bb<\/li>\n<li>Telo: Mosadz, \u010dierna, lakovan\u00e1<\/li>\n<li>Klapky s ko\u017een\u00fdm \u010dal\u00fanen\u00edm<\/li>\n<li>Dr\u017eiak na palec<\/li>\n<li>Pru\u017einy z nerezovej ocele<\/li>\n<li>Vr\u00e1tane: hubice, pr\u00edbalov\u00e9ho let\u00e1ku<\/li>\n<li>Vr\u00e1tane: m\u00e4kk\u00e9ho p\u00fazdra, vyter\u00e1ka, popruhu<\/li>\n<li>Vr\u00e1tane: S-rovn\u00e9 \/ S obl\u00fak<\/li>\n<li>Z\u00e1ruka 24 mesiacov<\/li>\n<\/ul>","protected":false},"excerpt":{"rendered":"<p><strong>Kvalitn\u00e1 n\u00e1stroj pre Nemeck\u00fd trh!<\/strong><\/p>","protected":false},"featured_media":8379,"comment_status":"closed","ping_status":"closed","template":"","meta":{"om_disable_all_campaigns":false},"product_brand":[],"product_cat":[1139],"product_tag":[],"class_list":{"0":"post-8374","1":"product","2":"type-product","3":"status-publish","4":"has-post-thumbnail","6":"product_cat-saxofony","8":"first","9":"outofstock","10":"taxable","11":"shipping-taxable","12":"purchasable","13":"product-type-simple"},"yoast_head":"<!-- This site is optimized with the Yoast SEO plugin v27.4 - https:\/\/yoast.com\/product\/yoast-seo-wordpress\/ -->\n<title>SOPRAN SAXOF\u00d3N KARL GLASER- \u010dierny - Peter \u010cerni\u010dka | Noty | HUDOBN\u00c9 PODKLADY<\/title>\n<meta name=\"description\" content=\"S Karlom Glaserom nebudete ur\u010dite sklaman\u00ed! Tieto n\u00e1stroje distribujeme u\u017e 12 rokov. Skvel\u00e1 cena za prvotriedny produkt. Nespo\u010detne ve\u013ea hudobn\u00edkov, \u0161tudentov a u\u010dite\u013eov hr\u00e1 na tieto n\u00e1stroje.\" \/>\n<meta name=\"robots\" content=\"index, follow, max-snippet:-1, max-image-preview:large, max-video-preview:-1\" \/>\n<link rel=\"canonical\" href=\"https:\/\/shop.petercernicka.eu\/de\/shop\/saxofony\/sopran-saxofon-karl-glaser-cierny\/\" \/>\n<meta property=\"og:locale\" content=\"de_DE\" \/>\n<meta property=\"og:type\" content=\"article\" \/>\n<meta property=\"og:title\" content=\"SOPRAN SAXOF\u00d3N KARL GLASER- \u010dierny\" \/>\n<meta property=\"og:description\" content=\"S Karlom Glaserom nebudete ur\u010dite sklaman\u00ed! Tieto n\u00e1stroje distribujeme u\u017e 12 rokov. Skvel\u00e1 cena za prvotriedny produkt. Nespo\u010detne ve\u013ea hudobn\u00edkov, \u0161tudentov a u\u010dite\u013eov hr\u00e1 na tieto n\u00e1stroje.\" \/>\n<meta property=\"og:url\" content=\"https:\/\/shop.petercernicka.eu\/de\/shop\/saxofony\/sopran-saxofon-karl-glaser-cierny\/\" \/>\n<meta property=\"og:site_name\" content=\"Peter \u010cerni\u010dka | Noty | HUDOBN\u00c9 PODKLADY\" \/>\n<meta property=\"article:publisher\" content=\"https:\/\/www.facebook.com\/petercernickanoty\" \/>\n<meta property=\"article:modified_time\" content=\"2026-01-31T13:47:06+00:00\" \/>\n<meta property=\"og:image\" content=\"https:\/\/shop.petercernicka.eu\/wp-content\/uploads\/2024\/06\/Sopran-saxofon-cierny-Karl-Glaser.png\" \/>\n\t<meta property=\"og:image:width\" content=\"800\" \/>\n\t<meta property=\"og:image:height\" content=\"800\" \/>\n\t<meta property=\"og:image:type\" content=\"image\/png\" \/>\n<meta name=\"twitter:card\" content=\"summary_large_image\" \/>\n<script type=\"application\/ld+json\" class=\"yoast-schema-graph\">{\"@context\":\"https:\\\/\\\/schema.org\",\"@graph\":[{\"@type\":\"WebPage\",\"@id\":\"https:\\\/\\\/shop.petercernicka.eu\\\/shop\\\/saxofony\\\/sopran-saxofon-karl-glaser-cierny\\\/\",\"url\":\"https:\\\/\\\/shop.petercernicka.eu\\\/shop\\\/saxofony\\\/sopran-saxofon-karl-glaser-cierny\\\/\",\"name\":\"SOPRAN SAXOF\u00d3N KARL GLASER- \u010dierny - Peter \u010cerni\u010dka | Noty | HUDOBN\u00c9 PODKLADY\",\"isPartOf\":{\"@id\":\"https:\\\/\\\/shop.petercernicka.eu\\\/#website\"},\"primaryImageOfPage\":{\"@id\":\"https:\\\/\\\/shop.petercernicka.eu\\\/shop\\\/saxofony\\\/sopran-saxofon-karl-glaser-cierny\\\/#primaryimage\"},\"image\":{\"@id\":\"https:\\\/\\\/shop.petercernicka.eu\\\/shop\\\/saxofony\\\/sopran-saxofon-karl-glaser-cierny\\\/#primaryimage\"},\"thumbnailUrl\":\"https:\\\/\\\/shop.petercernicka.eu\\\/wp-content\\\/uploads\\\/2024\\\/06\\\/Sopran-saxofon-cierny-Karl-Glaser.png\",\"datePublished\":\"2024-06-26T08:14:34+00:00\",\"dateModified\":\"2026-01-31T13:47:06+00:00\",\"description\":\"S Karlom Glaserom nebudete ur\u010dite sklaman\u00ed! Tieto n\u00e1stroje distribujeme u\u017e 12 rokov. Skvel\u00e1 cena za prvotriedny produkt. Nespo\u010detne ve\u013ea hudobn\u00edkov, \u0161tudentov a u\u010dite\u013eov hr\u00e1 na tieto n\u00e1stroje.\",\"breadcrumb\":{\"@id\":\"https:\\\/\\\/shop.petercernicka.eu\\\/shop\\\/saxofony\\\/sopran-saxofon-karl-glaser-cierny\\\/#breadcrumb\"},\"inLanguage\":\"de\",\"potentialAction\":[{\"@type\":\"ReadAction\",\"target\":[\"https:\\\/\\\/shop.petercernicka.eu\\\/shop\\\/saxofony\\\/sopran-saxofon-karl-glaser-cierny\\\/\"]}]},{\"@type\":\"ImageObject\",\"inLanguage\":\"de\",\"@id\":\"https:\\\/\\\/shop.petercernicka.eu\\\/shop\\\/saxofony\\\/sopran-saxofon-karl-glaser-cierny\\\/#primaryimage\",\"url\":\"https:\\\/\\\/shop.petercernicka.eu\\\/wp-content\\\/uploads\\\/2024\\\/06\\\/Sopran-saxofon-cierny-Karl-Glaser.png\",\"contentUrl\":\"https:\\\/\\\/shop.petercernicka.eu\\\/wp-content\\\/uploads\\\/2024\\\/06\\\/Sopran-saxofon-cierny-Karl-Glaser.png\",\"width\":800,\"height\":800},{\"@type\":\"BreadcrumbList\",\"@id\":\"https:\\\/\\\/shop.petercernicka.eu\\\/shop\\\/saxofony\\\/sopran-saxofon-karl-glaser-cierny\\\/#breadcrumb\",\"itemListElement\":[{\"@type\":\"ListItem\",\"position\":1,\"name\":\"Home\",\"item\":\"https:\\\/\\\/shop.petercernicka.eu\\\/\"},{\"@type\":\"ListItem\",\"position\":2,\"name\":\"Produkty\",\"item\":\"https:\\\/\\\/shop.petercernicka.eu\\\/obchod\\\/\"},{\"@type\":\"ListItem\",\"position\":3,\"name\":\"SOPRAN SAXOF\u00d3N KARL GLASER- \u010dierny\"}]},{\"@type\":\"WebSite\",\"@id\":\"https:\\\/\\\/shop.petercernicka.eu\\\/#website\",\"url\":\"https:\\\/\\\/shop.petercernicka.eu\\\/\",\"name\":\"Peter \u010cerni\u010dka | Noty | HUDOBN\u00c9 PODKLADY\",\"description\":\"\u013eudov\u00e9 piesne, popul\u00e1rne \u0161l\u00e1gre, \u010desko-slovensk\u00e9 hity, cig\u00e1nske piesne, ewergreeny, viano\u010dn\u00e9 koledy\",\"potentialAction\":[{\"@type\":\"SearchAction\",\"target\":{\"@type\":\"EntryPoint\",\"urlTemplate\":\"https:\\\/\\\/shop.petercernicka.eu\\\/?s={search_term_string}\"},\"query-input\":{\"@type\":\"PropertyValueSpecification\",\"valueRequired\":true,\"valueName\":\"search_term_string\"}}],\"inLanguage\":\"de\"}]}<\/script>\n<!-- \/ Yoast SEO plugin. -->","yoast_head_json":{"title":"SOPRAN SAXOF\u00d3N KARL GLASER- \u010dierny - Peter \u010cerni\u010dka | Noty | HUDOBN\u00c9 PODKLADY","description":"S Karlom Glaserom nebudete ur\u010dite sklaman\u00ed! Tieto n\u00e1stroje distribujeme u\u017e 12 rokov. Skvel\u00e1 cena za prvotriedny produkt. Nespo\u010detne ve\u013ea hudobn\u00edkov, \u0161tudentov a u\u010dite\u013eov hr\u00e1 na tieto n\u00e1stroje.","robots":{"index":"index","follow":"follow","max-snippet":"max-snippet:-1","max-image-preview":"max-image-preview:large","max-video-preview":"max-video-preview:-1"},"canonical":"https:\/\/shop.petercernicka.eu\/de\/shop\/saxofony\/sopran-saxofon-karl-glaser-cierny\/","og_locale":"de_DE","og_type":"article","og_title":"SOPRAN SAXOF\u00d3N KARL GLASER- \u010dierny","og_description":"S Karlom Glaserom nebudete ur\u010dite sklaman\u00ed! Tieto n\u00e1stroje distribujeme u\u017e 12 rokov. Skvel\u00e1 cena za prvotriedny produkt. Nespo\u010detne ve\u013ea hudobn\u00edkov, \u0161tudentov a u\u010dite\u013eov hr\u00e1 na tieto n\u00e1stroje.","og_url":"https:\/\/shop.petercernicka.eu\/de\/shop\/saxofony\/sopran-saxofon-karl-glaser-cierny\/","og_site_name":"Peter \u010cerni\u010dka | Noty | HUDOBN\u00c9 PODKLADY","article_publisher":"https:\/\/www.facebook.com\/petercernickanoty","article_modified_time":"2026-01-31T13:47:06+00:00","og_image":[{"width":800,"height":800,"url":"https:\/\/shop.petercernicka.eu\/wp-content\/uploads\/2024\/06\/Sopran-saxofon-cierny-Karl-Glaser.png","type":"image\/png"}],"twitter_card":"summary_large_image","schema":{"@context":"https:\/\/schema.org","@graph":[{"@type":"WebPage","@id":"https:\/\/shop.petercernicka.eu\/shop\/saxofony\/sopran-saxofon-karl-glaser-cierny\/","url":"https:\/\/shop.petercernicka.eu\/shop\/saxofony\/sopran-saxofon-karl-glaser-cierny\/","name":"SOPRAN SAXOF\u00d3N KARL GLASER- \u010dierny - Peter \u010cerni\u010dka | Noty | HUDOBN\u00c9 PODKLADY","isPartOf":{"@id":"https:\/\/shop.petercernicka.eu\/#website"},"primaryImageOfPage":{"@id":"https:\/\/shop.petercernicka.eu\/shop\/saxofony\/sopran-saxofon-karl-glaser-cierny\/#primaryimage"},"image":{"@id":"https:\/\/shop.petercernicka.eu\/shop\/saxofony\/sopran-saxofon-karl-glaser-cierny\/#primaryimage"},"thumbnailUrl":"https:\/\/shop.petercernicka.eu\/wp-content\/uploads\/2024\/06\/Sopran-saxofon-cierny-Karl-Glaser.png","datePublished":"2024-06-26T08:14:34+00:00","dateModified":"2026-01-31T13:47:06+00:00","description":"S Karlom Glaserom nebudete ur\u010dite sklaman\u00ed! Tieto n\u00e1stroje distribujeme u\u017e 12 rokov. Skvel\u00e1 cena za prvotriedny produkt. Nespo\u010detne ve\u013ea hudobn\u00edkov, \u0161tudentov a u\u010dite\u013eov hr\u00e1 na tieto n\u00e1stroje.","breadcrumb":{"@id":"https:\/\/shop.petercernicka.eu\/shop\/saxofony\/sopran-saxofon-karl-glaser-cierny\/#breadcrumb"},"inLanguage":"de","potentialAction":[{"@type":"ReadAction","target":["https:\/\/shop.petercernicka.eu\/shop\/saxofony\/sopran-saxofon-karl-glaser-cierny\/"]}]},{"@type":"ImageObject","inLanguage":"de","@id":"https:\/\/shop.petercernicka.eu\/shop\/saxofony\/sopran-saxofon-karl-glaser-cierny\/#primaryimage","url":"https:\/\/shop.petercernicka.eu\/wp-content\/uploads\/2024\/06\/Sopran-saxofon-cierny-Karl-Glaser.png","contentUrl":"https:\/\/shop.petercernicka.eu\/wp-content\/uploads\/2024\/06\/Sopran-saxofon-cierny-Karl-Glaser.png","width":800,"height":800},{"@type":"BreadcrumbList","@id":"https:\/\/shop.petercernicka.eu\/shop\/saxofony\/sopran-saxofon-karl-glaser-cierny\/#breadcrumb","itemListElement":[{"@type":"ListItem","position":1,"name":"Home","item":"https:\/\/shop.petercernicka.eu\/"},{"@type":"ListItem","position":2,"name":"Produkty","item":"https:\/\/shop.petercernicka.eu\/obchod\/"},{"@type":"ListItem","position":3,"name":"SOPRAN SAXOF\u00d3N KARL GLASER- \u010dierny"}]},{"@type":"WebSite","@id":"https:\/\/shop.petercernicka.eu\/#website","url":"https:\/\/shop.petercernicka.eu\/","name":"Peter \u010cerni\u010dka | Noty | HUDOBN\u00c9 PODKLADY","description":"Volkslieder, Schlager, Tschechoslowakische Schlager, Zigeunerlieder, Evergreens, Weihnachtslieder","potentialAction":[{"@type":"SearchAction","target":{"@type":"EntryPoint","urlTemplate":"https:\/\/shop.petercernicka.eu\/?s={search_term_string}"},"query-input":{"@type":"PropertyValueSpecification","valueRequired":true,"valueName":"search_term_string"}}],"inLanguage":"de"}]}},"_links":{"self":[{"href":"https:\/\/shop.petercernicka.eu\/de\/wp-json\/wp\/v2\/product\/8374","targetHints":{"allow":["GET"]}}],"collection":[{"href":"https:\/\/shop.petercernicka.eu\/de\/wp-json\/wp\/v2\/product"}],"about":[{"href":"https:\/\/shop.petercernicka.eu\/de\/wp-json\/wp\/v2\/types\/product"}],"replies":[{"embeddable":true,"href":"https:\/\/shop.petercernicka.eu\/de\/wp-json\/wp\/v2\/comments?post=8374"}],"wp:featuredmedia":[{"embeddable":true,"href":"https:\/\/shop.petercernicka.eu\/de\/wp-json\/wp\/v2\/media\/8379"}],"wp:attachment":[{"href":"https:\/\/shop.petercernicka.eu\/de\/wp-json\/wp\/v2\/media?parent=8374"}],"wp:term":[{"taxonomy":"product_brand","embeddable":true,"href":"https:\/\/shop.petercernicka.eu\/de\/wp-json\/wp\/v2\/product_brand?post=8374"},{"taxonomy":"product_cat","embeddable":true,"href":"https:\/\/shop.petercernicka.eu\/de\/wp-json\/wp\/v2\/product_cat?post=8374"},{"taxonomy":"product_tag","embeddable":true,"href":"https:\/\/shop.petercernicka.eu\/de\/wp-json\/wp\/v2\/product_tag?post=8374"}],"curies":[{"name":"wp","href":"https:\/\/api.w.org\/{rel}","templated":true}]}}

SOPRAN SAXOFÓN KARL GLASER- čierny

<ul>
<li>Ladenie: Bb</li>
<li>Telo: Mosadz, čierna, lakovaná</li>
<li>Klapky s koženým čalúnením</li>
<li>Držiak na palec</li>
<li>Pružiny z nerezovej ocele</li>
<li>Vrátane: hubice, príbalového letáku</li>
<li>Vrátane: mäkkého púzdra, vyteráka, popruhu</li>
<li>Vrátane: S-rovné / S oblúk</li>
<li>Záruka 24 mesiacov</li>
</ul>

<p><strong>Kvalitná nástroj pre Nemecký trh!</strong></p>

<!-- This site is optimized with the Yoast SEO plugin v27.4 - https://yoast.com/product/yoast-seo-wordpress/ -->
<title>SOPRAN SAXOFÓN KARL GLASER- čierny - Peter Černička | Noty | HUDOBNÉ PODKLADY</title>
<meta name="description" content="S Karlom Glaserom nebudete určite sklamaní! Tieto nástroje distribujeme už 12 rokov. Skvelá cena za prvotriedny produkt. Nespočetne veľa hudobníkov, študentov a učiteľov hrá na tieto nástroje." />
<meta name="robots" content="index, follow, max-snippet:-1, max-image-preview:large, max-video-preview:-1" />
<link rel="canonical" href="https://shop.petercernicka.eu/de/shop/saxofony/sopran-saxofon-karl-glaser-cierny/" />
<meta property="og:locale" content="de_DE" />
<meta property="og:type" content="article" />
<meta property="og:title" content="SOPRAN SAXOFÓN KARL GLASER- čierny" />
<meta property="og:description" content="S Karlom Glaserom nebudete určite sklamaní! Tieto nástroje distribujeme už 12 rokov. Skvelá cena za prvotriedny produkt. Nespočetne veľa hudobníkov, študentov a učiteľov hrá na tieto nástroje." />
<meta property="og:url" content="https://shop.petercernicka.eu/de/shop/saxofony/sopran-saxofon-karl-glaser-cierny/" />
<meta property="og:site_name" content="Peter Černička | Noty | HUDOBNÉ PODKLADY" />
<meta property="article:publisher" content="https://www.facebook.com/petercernickanoty" />
<meta property="article:modified_time" content="2026-01-31T13:47:06+00:00" />
<meta property="og:image" content="https://shop.petercernicka.eu/wp-content/uploads/2024/06/Sopran-saxofon-cierny-Karl-Glaser.png" />
	<meta property="og:image:width" content="800" />
	<meta property="og:image:height" content="800" />
	<meta property="og:image:type" content="image/png" />
<meta name="twitter:card" content="summary_large_image" />
<script type="application/ld+json" class="yoast-schema-graph">{"@context":"https:\/\/schema.org","@graph":[{"@type":"WebPage","@id":"https:\/\/shop.petercernicka.eu\/shop\/saxofony\/sopran-saxofon-karl-glaser-cierny\/","url":"https:\/\/shop.petercernicka.eu\/shop\/saxofony\/sopran-saxofon-karl-glaser-cierny\/","name":"SOPRAN SAXOFÓN KARL GLASER- čierny - Peter Černička | Noty | HUDOBNÉ PODKLADY","isPartOf":{"@id":"https:\/\/shop.petercernicka.eu\/#website"},"primaryImageOfPage":{"@id":"https:\/\/shop.petercernicka.eu\/shop\/saxofony\/sopran-saxofon-karl-glaser-cierny\/#primaryimage"},"image":{"@id":"https:\/\/shop.petercernicka.eu\/shop\/saxofony\/sopran-saxofon-karl-glaser-cierny\/#primaryimage"},"thumbnailUrl":"https:\/\/shop.petercernicka.eu\/wp-content\/uploads\/2024\/06\/Sopran-saxofon-cierny-Karl-Glaser.png","datePublished":"2024-06-26T08:14:34+00:00","dateModified":"2026-01-31T13:47:06+00:00","description":"S Karlom Glaserom nebudete určite sklamaní! Tieto nástroje distribujeme už 12 rokov. Skvelá cena za prvotriedny produkt. Nespočetne veľa hudobníkov, študentov a učiteľov hrá na tieto nástroje.","breadcrumb":{"@id":"https:\/\/shop.petercernicka.eu\/shop\/saxofony\/sopran-saxofon-karl-glaser-cierny\/#breadcrumb"},"inLanguage":"de","potentialAction":[{"@type":"ReadAction","target":["https:\/\/shop.petercernicka.eu\/shop\/saxofony\/sopran-saxofon-karl-glaser-cierny\/"]}]},{"@type":"ImageObject","inLanguage":"de","@id":"https:\/\/shop.petercernicka.eu\/shop\/saxofony\/sopran-saxofon-karl-glaser-cierny\/#primaryimage","url":"https:\/\/shop.petercernicka.eu\/wp-content\/uploads\/2024\/06\/Sopran-saxofon-cierny-Karl-Glaser.png","contentUrl":"https:\/\/shop.petercernicka.eu\/wp-content\/uploads\/2024\/06\/Sopran-saxofon-cierny-Karl-Glaser.png","width":800,"height":800},{"@type":"BreadcrumbList","@id":"https:\/\/shop.petercernicka.eu\/shop\/saxofony\/sopran-saxofon-karl-glaser-cierny\/#breadcrumb","itemListElement":[{"@type":"ListItem","position":1,"name":"Home","item":"https:\/\/shop.petercernicka.eu\/"},{"@type":"ListItem","position":2,"name":"Produkty","item":"https:\/\/shop.petercernicka.eu\/obchod\/"},{"@type":"ListItem","position":3,"name":"SOPRAN SAXOFÓN KARL GLASER- čierny"}]},{"@type":"WebSite","@id":"https:\/\/shop.petercernicka.eu\/#website","url":"https:\/\/shop.petercernicka.eu\/","name":"Peter Černička | Noty | HUDOBNÉ PODKLADY","description":"ľudové piesne, populárne šlágre, česko-slovenské hity, cigánske piesne, ewergreeny, vianočné koledy","potentialAction":[{"@type":"SearchAction","target":{"@type":"EntryPoint","urlTemplate":"https:\/\/shop.petercernicka.eu\/?s={search_term_string}"},"query-input":{"@type":"PropertyValueSpecification","valueRequired":true,"valueName":"search_term_string"}}],"inLanguage":"de"}]}</script>
<!-- / Yoast SEO plugin. -->

SOPRAN SAXOFÓN KARL GLASER- čierny - Peter Černička | Noty | HUDOBNÉ PODKLADY

S Karlom Glaserom nebudete určite sklamaní! Tieto nástroje distribujeme už 12 rokov. Skvelá cena za prvotriedny produkt. Nespočetne veľa hudobníkov, študentov a učiteľov hrá na tieto nástroje.

Peter Černička | Noty | HUDOBNÉ PODKLADY
