{"id":2830,"date":"2021-09-20T16:38:28","date_gmt":"2021-09-20T14:38:28","guid":{"rendered":"https:\/\/shop.petercernicka.eu\/?post_type=product&#038;p=2830"},"modified":"2025-05-11T11:15:00","modified_gmt":"2025-05-11T09:15:00","slug":"manicko-moje","status":"publish","type":"product","link":"https:\/\/shop.petercernicka.eu\/de\/shop\/dychova-hudba\/manicko-moje\/","title":{"rendered":"M\u00e1ni\u010dko moje"},"content":{"rendered":"<p><span style=\"font-size: 14pt; color: #000000;\"><strong>M\u00c1NI\u010cKO MOJE<\/strong><\/span><\/p>\n<p><span style=\"font-size: 14pt; color: #000000;\"><strong>\u00a0<\/strong><\/span><\/p>\n<p><span style=\"font-size: 14pt; color: #000000;\">M\u00e1ni\u010dko moje, nem\u00e1m pokoje,<\/span><\/p>\n<p><span style=\"font-size: 14pt; color: #000000;\">ty klidn\u011b sp\u00ed\u0161, m\u011b nesly\u0161\u00ed\u0161,<\/span><\/p>\n<p><span style=\"font-size: 14pt; color: #000000;\">ty v\u00fd\u0161 co je \u017eal, jen\u017e j\u00e1 v srdci m\u00e1m,<\/span><\/p>\n<p><span style=\"font-size: 14pt; color: #000000;\">okno otev\u0159i na rozlou\u010den\u00ed.<\/span><\/p>\n<p>&nbsp;<\/p>\n<p><span style=\"font-size: 14pt; color: #000000;\">M\u011bli jsme se vz\u00edt, spolu \u0161\u0165astn\u00ed b\u00fdt,<\/span><\/p>\n<p><span style=\"font-size: 14pt; color: #000000;\">ale osud byl zl\u00ed dosud,<\/span><\/p>\n<p><span style=\"font-size: 14pt; color: #000000;\">mati\u010dka moje n\u00e1m zabra\u0148uje,<\/span><\/p>\n<p><span style=\"font-size: 14pt; color: #000000;\">bych k v\u00e1m chod\u00edval, tebe miloval.<\/span><\/p>\n<p>&nbsp;<\/p>\n<p><span style=\"font-size: 14pt; color: #000000;\">Ta na\u0161e l\u00e1ska, byla poh\u00e1dka,<\/span><\/p>\n<p><span style=\"font-size: 14pt; color: #000000;\">byl to jen sen, smutn\u00fd v\u0161ak jen,<\/span><\/p>\n<p><span style=\"font-size: 14pt; color: #000000;\">osud zanechal v na\u0161ich srdc\u00edch \u017eal,<\/span><\/p>\n<p><span style=\"font-size: 14pt; color: #000000;\">slzu na skr\u00e1ni a pol\u00edben\u00ed.<\/span><\/p>","protected":false},"excerpt":{"rendered":"<p><audio class=\"wp-audio-shortcode\" id=\"audio-2830-1\" preload=\"none\" style=\"width: 100%;\" controls=\"controls\"><source type=\"audio\/mpeg\" src=\"https:\/\/shop.petercernicka.eu\/wp-content\/uploads\/2021\/09\/Manicka.mp3?_=1\" \/><a href=\"https:\/\/shop.petercernicka.eu\/wp-content\/uploads\/2021\/09\/Manicka.mp3\">https:\/\/shop.petercernicka.eu\/wp-content\/uploads\/2021\/09\/Manicka.mp3<\/a><\/audio><\/p>","protected":false},"featured_media":2831,"comment_status":"closed","ping_status":"closed","template":"","meta":{"om_disable_all_campaigns":false},"product_brand":[],"product_cat":[36],"product_tag":[1188,21],"class_list":{"0":"post-2830","1":"product","2":"type-product","3":"status-publish","4":"has-post-thumbnail","6":"product_cat-dychova-hudba","7":"product_tag-noty","8":"product_tag-spievane-polky","10":"first","11":"instock","12":"sale","13":"downloadable","14":"virtual","15":"taxable","16":"purchasable","17":"product-type-simple"},"yoast_head":"<!-- This site is optimized with the Yoast SEO plugin v27.4 - https:\/\/yoast.com\/product\/yoast-seo-wordpress\/ -->\n<title>M\u00e1ni\u010dko moje - Peter \u010cerni\u010dka | Noty | HUDOBN\u00c9 PODKLADY<\/title>\n<meta name=\"robots\" content=\"index, follow, max-snippet:-1, max-image-preview:large, max-video-preview:-1\" \/>\n<link rel=\"canonical\" href=\"https:\/\/shop.petercernicka.eu\/de\/shop\/dychova-hudba\/manicko-moje\/\" \/>\n<meta property=\"og:locale\" content=\"de_DE\" \/>\n<meta property=\"og:type\" content=\"article\" \/>\n<meta property=\"og:title\" content=\"M\u00e1ni\u010dko moje - Noty pre dychov\u00fa hudbu\" \/>\n<meta property=\"og:description\" content=\"\u013eudov\u00e1 polka\" \/>\n<meta property=\"og:url\" content=\"https:\/\/shop.petercernicka.eu\/de\/shop\/dychova-hudba\/manicko-moje\/\" \/>\n<meta property=\"og:site_name\" content=\"Peter \u010cerni\u010dka | Noty | HUDOBN\u00c9 PODKLADY\" \/>\n<meta property=\"article:publisher\" content=\"https:\/\/www.facebook.com\/petercernickanoty\" \/>\n<meta property=\"article:modified_time\" content=\"2025-05-11T09:15:00+00:00\" \/>\n<meta property=\"og:image\" content=\"https:\/\/shop.petercernicka.eu\/wp-content\/uploads\/2021\/09\/Manicka-Trp..jpg\" \/>\n\t<meta property=\"og:image:width\" content=\"1240\" \/>\n\t<meta property=\"og:image:height\" content=\"1754\" \/>\n\t<meta property=\"og:image:type\" content=\"image\/jpeg\" \/>\n<meta name=\"twitter:card\" content=\"summary_large_image\" \/>\n<meta name=\"twitter:label1\" content=\"Gesch\u00e4tzte Lesezeit\" \/>\n\t<meta name=\"twitter:data1\" content=\"1\u00a0Minute\" \/>\n<script type=\"application\/ld+json\" class=\"yoast-schema-graph\">{\"@context\":\"https:\\\/\\\/schema.org\",\"@graph\":[{\"@type\":\"WebPage\",\"@id\":\"https:\\\/\\\/shop.petercernicka.eu\\\/shop\\\/dychova-hudba\\\/manicko-moje\\\/\",\"url\":\"https:\\\/\\\/shop.petercernicka.eu\\\/shop\\\/dychova-hudba\\\/manicko-moje\\\/\",\"name\":\"M\u00e1ni\u010dko moje - Peter \u010cerni\u010dka | Noty | HUDOBN\u00c9 PODKLADY\",\"isPartOf\":{\"@id\":\"https:\\\/\\\/shop.petercernicka.eu\\\/#website\"},\"primaryImageOfPage\":{\"@id\":\"https:\\\/\\\/shop.petercernicka.eu\\\/shop\\\/dychova-hudba\\\/manicko-moje\\\/#primaryimage\"},\"image\":{\"@id\":\"https:\\\/\\\/shop.petercernicka.eu\\\/shop\\\/dychova-hudba\\\/manicko-moje\\\/#primaryimage\"},\"thumbnailUrl\":\"https:\\\/\\\/shop.petercernicka.eu\\\/wp-content\\\/uploads\\\/2021\\\/09\\\/Manicka-Trp..jpg\",\"datePublished\":\"2021-09-20T14:38:28+00:00\",\"dateModified\":\"2025-05-11T09:15:00+00:00\",\"breadcrumb\":{\"@id\":\"https:\\\/\\\/shop.petercernicka.eu\\\/shop\\\/dychova-hudba\\\/manicko-moje\\\/#breadcrumb\"},\"inLanguage\":\"de\",\"potentialAction\":[{\"@type\":\"ReadAction\",\"target\":[\"https:\\\/\\\/shop.petercernicka.eu\\\/shop\\\/dychova-hudba\\\/manicko-moje\\\/\"]}]},{\"@type\":\"ImageObject\",\"inLanguage\":\"de\",\"@id\":\"https:\\\/\\\/shop.petercernicka.eu\\\/shop\\\/dychova-hudba\\\/manicko-moje\\\/#primaryimage\",\"url\":\"https:\\\/\\\/shop.petercernicka.eu\\\/wp-content\\\/uploads\\\/2021\\\/09\\\/Manicka-Trp..jpg\",\"contentUrl\":\"https:\\\/\\\/shop.petercernicka.eu\\\/wp-content\\\/uploads\\\/2021\\\/09\\\/Manicka-Trp..jpg\",\"width\":1240,\"height\":1754,\"caption\":\"manicko moje noty\"},{\"@type\":\"BreadcrumbList\",\"@id\":\"https:\\\/\\\/shop.petercernicka.eu\\\/shop\\\/dychova-hudba\\\/manicko-moje\\\/#breadcrumb\",\"itemListElement\":[{\"@type\":\"ListItem\",\"position\":1,\"name\":\"Home\",\"item\":\"https:\\\/\\\/shop.petercernicka.eu\\\/\"},{\"@type\":\"ListItem\",\"position\":2,\"name\":\"Produkty\",\"item\":\"https:\\\/\\\/shop.petercernicka.eu\\\/obchod\\\/\"},{\"@type\":\"ListItem\",\"position\":3,\"name\":\"M\u00e1ni\u010dko moje\"}]},{\"@type\":\"WebSite\",\"@id\":\"https:\\\/\\\/shop.petercernicka.eu\\\/#website\",\"url\":\"https:\\\/\\\/shop.petercernicka.eu\\\/\",\"name\":\"Peter \u010cerni\u010dka | Noty | HUDOBN\u00c9 PODKLADY\",\"description\":\"\u013eudov\u00e9 piesne, popul\u00e1rne \u0161l\u00e1gre, \u010desko-slovensk\u00e9 hity, cig\u00e1nske piesne, ewergreeny, viano\u010dn\u00e9 koledy\",\"potentialAction\":[{\"@type\":\"SearchAction\",\"target\":{\"@type\":\"EntryPoint\",\"urlTemplate\":\"https:\\\/\\\/shop.petercernicka.eu\\\/?s={search_term_string}\"},\"query-input\":{\"@type\":\"PropertyValueSpecification\",\"valueRequired\":true,\"valueName\":\"search_term_string\"}}],\"inLanguage\":\"de\"}]}<\/script>\n<!-- \/ Yoast SEO plugin. -->","yoast_head_json":{"title":"M\u00e1ni\u010dko moje - Peter \u010cerni\u010dka | Noty | HUDOBN\u00c9 PODKLADY","robots":{"index":"index","follow":"follow","max-snippet":"max-snippet:-1","max-image-preview":"max-image-preview:large","max-video-preview":"max-video-preview:-1"},"canonical":"https:\/\/shop.petercernicka.eu\/de\/shop\/dychova-hudba\/manicko-moje\/","og_locale":"de_DE","og_type":"article","og_title":"M\u00e1ni\u010dko moje - Noty pre dychov\u00fa hudbu","og_description":"\u013eudov\u00e1 polka","og_url":"https:\/\/shop.petercernicka.eu\/de\/shop\/dychova-hudba\/manicko-moje\/","og_site_name":"Peter \u010cerni\u010dka | Noty | HUDOBN\u00c9 PODKLADY","article_publisher":"https:\/\/www.facebook.com\/petercernickanoty","article_modified_time":"2025-05-11T09:15:00+00:00","og_image":[{"width":1240,"height":1754,"url":"https:\/\/shop.petercernicka.eu\/wp-content\/uploads\/2021\/09\/Manicka-Trp..jpg","type":"image\/jpeg"}],"twitter_card":"summary_large_image","twitter_misc":{"Gesch\u00e4tzte Lesezeit":"1\u00a0Minute"},"schema":{"@context":"https:\/\/schema.org","@graph":[{"@type":"WebPage","@id":"https:\/\/shop.petercernicka.eu\/shop\/dychova-hudba\/manicko-moje\/","url":"https:\/\/shop.petercernicka.eu\/shop\/dychova-hudba\/manicko-moje\/","name":"M\u00e1ni\u010dko moje - Peter \u010cerni\u010dka | Noty | HUDOBN\u00c9 PODKLADY","isPartOf":{"@id":"https:\/\/shop.petercernicka.eu\/#website"},"primaryImageOfPage":{"@id":"https:\/\/shop.petercernicka.eu\/shop\/dychova-hudba\/manicko-moje\/#primaryimage"},"image":{"@id":"https:\/\/shop.petercernicka.eu\/shop\/dychova-hudba\/manicko-moje\/#primaryimage"},"thumbnailUrl":"https:\/\/shop.petercernicka.eu\/wp-content\/uploads\/2021\/09\/Manicka-Trp..jpg","datePublished":"2021-09-20T14:38:28+00:00","dateModified":"2025-05-11T09:15:00+00:00","breadcrumb":{"@id":"https:\/\/shop.petercernicka.eu\/shop\/dychova-hudba\/manicko-moje\/#breadcrumb"},"inLanguage":"de","potentialAction":[{"@type":"ReadAction","target":["https:\/\/shop.petercernicka.eu\/shop\/dychova-hudba\/manicko-moje\/"]}]},{"@type":"ImageObject","inLanguage":"de","@id":"https:\/\/shop.petercernicka.eu\/shop\/dychova-hudba\/manicko-moje\/#primaryimage","url":"https:\/\/shop.petercernicka.eu\/wp-content\/uploads\/2021\/09\/Manicka-Trp..jpg","contentUrl":"https:\/\/shop.petercernicka.eu\/wp-content\/uploads\/2021\/09\/Manicka-Trp..jpg","width":1240,"height":1754,"caption":"manicko moje noty"},{"@type":"BreadcrumbList","@id":"https:\/\/shop.petercernicka.eu\/shop\/dychova-hudba\/manicko-moje\/#breadcrumb","itemListElement":[{"@type":"ListItem","position":1,"name":"Home","item":"https:\/\/shop.petercernicka.eu\/"},{"@type":"ListItem","position":2,"name":"Produkty","item":"https:\/\/shop.petercernicka.eu\/obchod\/"},{"@type":"ListItem","position":3,"name":"M\u00e1ni\u010dko moje"}]},{"@type":"WebSite","@id":"https:\/\/shop.petercernicka.eu\/#website","url":"https:\/\/shop.petercernicka.eu\/","name":"Peter \u010cerni\u010dka | Noty | HUDOBN\u00c9 PODKLADY","description":"Volkslieder, Schlager, Tschechoslowakische Schlager, Zigeunerlieder, Evergreens, Weihnachtslieder","potentialAction":[{"@type":"SearchAction","target":{"@type":"EntryPoint","urlTemplate":"https:\/\/shop.petercernicka.eu\/?s={search_term_string}"},"query-input":{"@type":"PropertyValueSpecification","valueRequired":true,"valueName":"search_term_string"}}],"inLanguage":"de"}]}},"_links":{"self":[{"href":"https:\/\/shop.petercernicka.eu\/de\/wp-json\/wp\/v2\/product\/2830","targetHints":{"allow":["GET"]}}],"collection":[{"href":"https:\/\/shop.petercernicka.eu\/de\/wp-json\/wp\/v2\/product"}],"about":[{"href":"https:\/\/shop.petercernicka.eu\/de\/wp-json\/wp\/v2\/types\/product"}],"replies":[{"embeddable":true,"href":"https:\/\/shop.petercernicka.eu\/de\/wp-json\/wp\/v2\/comments?post=2830"}],"wp:featuredmedia":[{"embeddable":true,"href":"https:\/\/shop.petercernicka.eu\/de\/wp-json\/wp\/v2\/media\/2831"}],"wp:attachment":[{"href":"https:\/\/shop.petercernicka.eu\/de\/wp-json\/wp\/v2\/media?parent=2830"}],"wp:term":[{"taxonomy":"product_brand","embeddable":true,"href":"https:\/\/shop.petercernicka.eu\/de\/wp-json\/wp\/v2\/product_brand?post=2830"},{"taxonomy":"product_cat","embeddable":true,"href":"https:\/\/shop.petercernicka.eu\/de\/wp-json\/wp\/v2\/product_cat?post=2830"},{"taxonomy":"product_tag","embeddable":true,"href":"https:\/\/shop.petercernicka.eu\/de\/wp-json\/wp\/v2\/product_tag?post=2830"}],"curies":[{"name":"wp","href":"https:\/\/api.w.org\/{rel}","templated":true}]}}

Máničko moje

<p><span style="font-size: 14pt; color: #000000;"><strong>MÁNIČKO MOJE</strong></span></p>
<p><span style="font-size: 14pt; color: #000000;"><strong> </strong></span></p>
<p><span style="font-size: 14pt; color: #000000;">Máničko moje, nemám pokoje,</span></p>
<p><span style="font-size: 14pt; color: #000000;">ty klidně spíš, mě neslyšíš,</span></p>
<p><span style="font-size: 14pt; color: #000000;">ty výš co je žal, jenž já v srdci mám,</span></p>
<p><span style="font-size: 14pt; color: #000000;">okno otevři na rozloučení.</span></p>
<p>&nbsp;</p>
<p><span style="font-size: 14pt; color: #000000;">Měli jsme se vzít, spolu šťastní být,</span></p>
<p><span style="font-size: 14pt; color: #000000;">ale osud byl zlí dosud,</span></p>
<p><span style="font-size: 14pt; color: #000000;">matička moje nám zabraňuje,</span></p>
<p><span style="font-size: 14pt; color: #000000;">bych k vám chodíval, tebe miloval.</span></p>
<p>&nbsp;</p>
<p><span style="font-size: 14pt; color: #000000;">Ta naše láska, byla pohádka,</span></p>
<p><span style="font-size: 14pt; color: #000000;">byl to jen sen, smutný však jen,</span></p>
<p><span style="font-size: 14pt; color: #000000;">osud zanechal v našich srdcích žal,</span></p>
<p><span style="font-size: 14pt; color: #000000;">slzu na skráni a políbení.</span></p>

<!-- This site is optimized with the Yoast SEO plugin v27.4 - https://yoast.com/product/yoast-seo-wordpress/ -->
<title>Máničko moje - Peter Černička | Noty | HUDOBNÉ PODKLADY</title>
<meta name="robots" content="index, follow, max-snippet:-1, max-image-preview:large, max-video-preview:-1" />
<link rel="canonical" href="https://shop.petercernicka.eu/de/shop/dychova-hudba/manicko-moje/" />
<meta property="og:locale" content="de_DE" />
<meta property="og:type" content="article" />
<meta property="og:title" content="Máničko moje - Noty pre dychovú hudbu" />
<meta property="og:description" content="ľudová polka" />
<meta property="og:url" content="https://shop.petercernicka.eu/de/shop/dychova-hudba/manicko-moje/" />
<meta property="og:site_name" content="Peter Černička | Noty | HUDOBNÉ PODKLADY" />
<meta property="article:publisher" content="https://www.facebook.com/petercernickanoty" />
<meta property="article:modified_time" content="2025-05-11T09:15:00+00:00" />
<meta property="og:image" content="https://shop.petercernicka.eu/wp-content/uploads/2021/09/Manicka-Trp..jpg" />
	<meta property="og:image:width" content="1240" />
	<meta property="og:image:height" content="1754" />
	<meta property="og:image:type" content="image/jpeg" />
<meta name="twitter:card" content="summary_large_image" />
<meta name="twitter:label1" content="Geschätzte Lesezeit" />
	<meta name="twitter:data1" content="1 Minute" />
<script type="application/ld+json" class="yoast-schema-graph">{"@context":"https:\/\/schema.org","@graph":[{"@type":"WebPage","@id":"https:\/\/shop.petercernicka.eu\/shop\/dychova-hudba\/manicko-moje\/","url":"https:\/\/shop.petercernicka.eu\/shop\/dychova-hudba\/manicko-moje\/","name":"Máničko moje - Peter Černička | Noty | HUDOBNÉ PODKLADY","isPartOf":{"@id":"https:\/\/shop.petercernicka.eu\/#website"},"primaryImageOfPage":{"@id":"https:\/\/shop.petercernicka.eu\/shop\/dychova-hudba\/manicko-moje\/#primaryimage"},"image":{"@id":"https:\/\/shop.petercernicka.eu\/shop\/dychova-hudba\/manicko-moje\/#primaryimage"},"thumbnailUrl":"https:\/\/shop.petercernicka.eu\/wp-content\/uploads\/2021\/09\/Manicka-Trp..jpg","datePublished":"2021-09-20T14:38:28+00:00","dateModified":"2025-05-11T09:15:00+00:00","breadcrumb":{"@id":"https:\/\/shop.petercernicka.eu\/shop\/dychova-hudba\/manicko-moje\/#breadcrumb"},"inLanguage":"de","potentialAction":[{"@type":"ReadAction","target":["https:\/\/shop.petercernicka.eu\/shop\/dychova-hudba\/manicko-moje\/"]}]},{"@type":"ImageObject","inLanguage":"de","@id":"https:\/\/shop.petercernicka.eu\/shop\/dychova-hudba\/manicko-moje\/#primaryimage","url":"https:\/\/shop.petercernicka.eu\/wp-content\/uploads\/2021\/09\/Manicka-Trp..jpg","contentUrl":"https:\/\/shop.petercernicka.eu\/wp-content\/uploads\/2021\/09\/Manicka-Trp..jpg","width":1240,"height":1754,"caption":"manicko moje noty"},{"@type":"BreadcrumbList","@id":"https:\/\/shop.petercernicka.eu\/shop\/dychova-hudba\/manicko-moje\/#breadcrumb","itemListElement":[{"@type":"ListItem","position":1,"name":"Home","item":"https:\/\/shop.petercernicka.eu\/"},{"@type":"ListItem","position":2,"name":"Produkty","item":"https:\/\/shop.petercernicka.eu\/obchod\/"},{"@type":"ListItem","position":3,"name":"Máničko moje"}]},{"@type":"WebSite","@id":"https:\/\/shop.petercernicka.eu\/#website","url":"https:\/\/shop.petercernicka.eu\/","name":"Peter Černička | Noty | HUDOBNÉ PODKLADY","description":"ľudové piesne, populárne šlágre, česko-slovenské hity, cigánske piesne, ewergreeny, vianočné koledy","potentialAction":[{"@type":"SearchAction","target":{"@type":"EntryPoint","urlTemplate":"https:\/\/shop.petercernicka.eu\/?s={search_term_string}"},"query-input":{"@type":"PropertyValueSpecification","valueRequired":true,"valueName":"search_term_string"}}],"inLanguage":"de"}]}</script>
<!-- / Yoast SEO plugin. -->

Máničko moje - Peter Černička | Noty | HUDOBNÉ PODKLADY

Máničko moje - Noty pre dychovú hudbu

ľudová polka

Peter Černička | Noty | HUDOBNÉ PODKLADY
