{"id":2659,"date":"2021-06-18T08:11:51","date_gmt":"2021-06-18T06:11:51","guid":{"rendered":"https:\/\/shop.petercernicka.eu\/?post_type=product&#038;p=2659"},"modified":"2025-05-11T11:15:01","modified_gmt":"2025-05-11T09:15:01","slug":"ten-nemcickej-kostelicek","status":"publish","type":"product","link":"https:\/\/shop.petercernicka.eu\/de\/shop\/dychova-hudba\/ten-nemcickej-kostelicek\/","title":{"rendered":"Ten N\u011bm\u010dickej kostel\u00ed\u010dek"},"content":{"rendered":"<p><span style=\"color: #000000;\">[: Ten N\u011bm\u010dickej kostel\u00ed\u010dek<\/span><br \/>\n<span style=\"color: #000000;\">kolem n\u011bho \u010dern\u00e1 zem :]<\/span><br \/>\n<span style=\"color: #000000;\">[: A\u017e j\u00e1 tudy p\u016fjdu, d\u00edvati se budu<\/span><br \/>\n<span style=\"color: #000000;\">zdali jede mil\u00e1\u010dek :]<\/span><\/p>\n<p><span style=\"color: #000000;\">[: M\u016fj mil\u00e1\u010dek jede, jede<\/span><br \/>\n<span style=\"color: #000000;\">to na vran\u00e9m kon\u00ed\u010dku :]<\/span><br \/>\n<span style=\"color: #000000;\">[: \u0160\u00e1te\u010dkem si m\u00e1v\u00e1 a sob\u011b p\u0159ip\u00edn\u00e1<\/span><br \/>\n<span style=\"color: #000000;\">ocelovou \u0161avli\u010dku :]<\/span><\/p>\n<p><span style=\"color: #000000;\">[: Kdy\u017e \u0161avli\u010dku sob\u011b p\u0159ipjal<\/span><br \/>\n<span style=\"color: #000000;\">p\u0159e\u017ealostn\u011b zaplakal :]<\/span><br \/>\n<span style=\"color: #000000;\">[: \u0160koda je t\u011b, holka, holka modrook\u00e1,<\/span><br \/>\n<span style=\"color: #000000;\">\u017ee j\u00e1 jsem t\u011b nedostal :]<\/span><\/p>\n<p>&nbsp;<\/p>\n","protected":false},"excerpt":{"rendered":"<p><audio class=\"wp-audio-shortcode\" id=\"audio-2659-1\" preload=\"none\" style=\"width: 100%;\" controls=\"controls\"><source type=\"audio\/mpeg\" src=\"https:\/\/shop.petercernicka.eu\/wp-content\/uploads\/2021\/06\/Ten-Nemcickej-kostelicek.mp3?_=1\" \/><a href=\"https:\/\/shop.petercernicka.eu\/wp-content\/uploads\/2021\/06\/Ten-Nemcickej-kostelicek.mp3\">https:\/\/shop.petercernicka.eu\/wp-content\/uploads\/2021\/06\/Ten-Nemcickej-kostelicek.mp3<\/a><\/audio><\/p>","protected":false},"featured_media":2672,"comment_status":"closed","ping_status":"closed","template":"","meta":{"om_disable_all_campaigns":false},"product_brand":[],"product_cat":[36],"product_tag":[1188,21],"class_list":{"0":"post-2659","1":"product","2":"type-product","3":"status-publish","4":"has-post-thumbnail","6":"product_cat-dychova-hudba","7":"product_tag-noty","8":"product_tag-spievane-polky","10":"first","11":"instock","12":"sale","13":"downloadable","14":"virtual","15":"taxable","16":"purchasable","17":"product-type-simple"},"yoast_head":"<!-- This site is optimized with the Yoast SEO plugin v27.4 - https:\/\/yoast.com\/product\/yoast-seo-wordpress\/ -->\n<title>Ten N\u011bm\u010dickej kostel\u00ed\u010dek - Peter \u010cerni\u010dka | Noty | HUDOBN\u00c9 PODKLADY<\/title>\n<meta name=\"robots\" content=\"index, follow, max-snippet:-1, max-image-preview:large, max-video-preview:-1\" \/>\n<link rel=\"canonical\" href=\"https:\/\/shop.petercernicka.eu\/de\/shop\/dychova-hudba\/ten-nemcickej-kostelicek\/\" \/>\n<meta property=\"og:locale\" content=\"de_DE\" \/>\n<meta property=\"og:type\" content=\"article\" \/>\n<meta property=\"og:title\" content=\"Ten N\u011bm\u010dickej kostel\u00ed\u010dek - Noty pre dychov\u00fa hudbu\" \/>\n<meta property=\"og:url\" content=\"https:\/\/shop.petercernicka.eu\/de\/shop\/dychova-hudba\/ten-nemcickej-kostelicek\/\" \/>\n<meta property=\"og:site_name\" content=\"Peter \u010cerni\u010dka | Noty | HUDOBN\u00c9 PODKLADY\" \/>\n<meta property=\"article:publisher\" content=\"https:\/\/www.facebook.com\/petercernickanoty\" \/>\n<meta property=\"article:modified_time\" content=\"2025-05-11T09:15:01+00:00\" \/>\n<meta property=\"og:image\" content=\"https:\/\/shop.petercernicka.eu\/wp-content\/uploads\/2021\/06\/Ten-Nemcickej-kostelicek-Parts.jpg\" \/>\n\t<meta property=\"og:image:width\" content=\"1240\" \/>\n\t<meta property=\"og:image:height\" content=\"1754\" \/>\n\t<meta property=\"og:image:type\" content=\"image\/jpeg\" \/>\n<meta name=\"twitter:card\" content=\"summary_large_image\" \/>\n<meta name=\"twitter:description\" content=\"[audio mp3=&quot;https:\/\/shop.petercernicka.eu\/wp-content\/uploads\/2021\/06\/Ten-Nemcickej-kostelicek.mp3&quot;][\/audio]\" \/>\n<meta name=\"twitter:label1\" content=\"Gesch\u00e4tzte Lesezeit\" \/>\n\t<meta name=\"twitter:data1\" content=\"1\u00a0Minute\" \/>\n<script type=\"application\/ld+json\" class=\"yoast-schema-graph\">{\"@context\":\"https:\\\/\\\/schema.org\",\"@graph\":[{\"@type\":\"WebPage\",\"@id\":\"https:\\\/\\\/shop.petercernicka.eu\\\/shop\\\/dychova-hudba\\\/ten-nemcickej-kostelicek\\\/\",\"url\":\"https:\\\/\\\/shop.petercernicka.eu\\\/shop\\\/dychova-hudba\\\/ten-nemcickej-kostelicek\\\/\",\"name\":\"Ten N\u011bm\u010dickej kostel\u00ed\u010dek - Peter \u010cerni\u010dka | Noty | HUDOBN\u00c9 PODKLADY\",\"isPartOf\":{\"@id\":\"https:\\\/\\\/shop.petercernicka.eu\\\/#website\"},\"primaryImageOfPage\":{\"@id\":\"https:\\\/\\\/shop.petercernicka.eu\\\/shop\\\/dychova-hudba\\\/ten-nemcickej-kostelicek\\\/#primaryimage\"},\"image\":{\"@id\":\"https:\\\/\\\/shop.petercernicka.eu\\\/shop\\\/dychova-hudba\\\/ten-nemcickej-kostelicek\\\/#primaryimage\"},\"thumbnailUrl\":\"https:\\\/\\\/shop.petercernicka.eu\\\/wp-content\\\/uploads\\\/2021\\\/06\\\/Ten-Nemcickej-kostelicek-Parts.jpg\",\"datePublished\":\"2021-06-18T06:11:51+00:00\",\"dateModified\":\"2025-05-11T09:15:01+00:00\",\"breadcrumb\":{\"@id\":\"https:\\\/\\\/shop.petercernicka.eu\\\/shop\\\/dychova-hudba\\\/ten-nemcickej-kostelicek\\\/#breadcrumb\"},\"inLanguage\":\"de\",\"potentialAction\":[{\"@type\":\"ReadAction\",\"target\":[\"https:\\\/\\\/shop.petercernicka.eu\\\/shop\\\/dychova-hudba\\\/ten-nemcickej-kostelicek\\\/\"]}]},{\"@type\":\"ImageObject\",\"inLanguage\":\"de\",\"@id\":\"https:\\\/\\\/shop.petercernicka.eu\\\/shop\\\/dychova-hudba\\\/ten-nemcickej-kostelicek\\\/#primaryimage\",\"url\":\"https:\\\/\\\/shop.petercernicka.eu\\\/wp-content\\\/uploads\\\/2021\\\/06\\\/Ten-Nemcickej-kostelicek-Parts.jpg\",\"contentUrl\":\"https:\\\/\\\/shop.petercernicka.eu\\\/wp-content\\\/uploads\\\/2021\\\/06\\\/Ten-Nemcickej-kostelicek-Parts.jpg\",\"width\":1240,\"height\":1754,\"caption\":\"noty pro dechovku\"},{\"@type\":\"BreadcrumbList\",\"@id\":\"https:\\\/\\\/shop.petercernicka.eu\\\/shop\\\/dychova-hudba\\\/ten-nemcickej-kostelicek\\\/#breadcrumb\",\"itemListElement\":[{\"@type\":\"ListItem\",\"position\":1,\"name\":\"Home\",\"item\":\"https:\\\/\\\/shop.petercernicka.eu\\\/\"},{\"@type\":\"ListItem\",\"position\":2,\"name\":\"Produkty\",\"item\":\"https:\\\/\\\/shop.petercernicka.eu\\\/obchod\\\/\"},{\"@type\":\"ListItem\",\"position\":3,\"name\":\"Ten N\u011bm\u010dickej kostel\u00ed\u010dek\"}]},{\"@type\":\"WebSite\",\"@id\":\"https:\\\/\\\/shop.petercernicka.eu\\\/#website\",\"url\":\"https:\\\/\\\/shop.petercernicka.eu\\\/\",\"name\":\"Peter \u010cerni\u010dka | Noty | HUDOBN\u00c9 PODKLADY\",\"description\":\"\u013eudov\u00e9 piesne, popul\u00e1rne \u0161l\u00e1gre, \u010desko-slovensk\u00e9 hity, cig\u00e1nske piesne, ewergreeny, viano\u010dn\u00e9 koledy\",\"potentialAction\":[{\"@type\":\"SearchAction\",\"target\":{\"@type\":\"EntryPoint\",\"urlTemplate\":\"https:\\\/\\\/shop.petercernicka.eu\\\/?s={search_term_string}\"},\"query-input\":{\"@type\":\"PropertyValueSpecification\",\"valueRequired\":true,\"valueName\":\"search_term_string\"}}],\"inLanguage\":\"de\"}]}<\/script>\n<!-- \/ Yoast SEO plugin. -->","yoast_head_json":{"title":"Ten N\u011bm\u010dickej kostel\u00ed\u010dek - Peter \u010cerni\u010dka | Noty | HUDOBN\u00c9 PODKLADY","robots":{"index":"index","follow":"follow","max-snippet":"max-snippet:-1","max-image-preview":"max-image-preview:large","max-video-preview":"max-video-preview:-1"},"canonical":"https:\/\/shop.petercernicka.eu\/de\/shop\/dychova-hudba\/ten-nemcickej-kostelicek\/","og_locale":"de_DE","og_type":"article","og_title":"Ten N\u011bm\u010dickej kostel\u00ed\u010dek - Noty pre dychov\u00fa hudbu","og_url":"https:\/\/shop.petercernicka.eu\/de\/shop\/dychova-hudba\/ten-nemcickej-kostelicek\/","og_site_name":"Peter \u010cerni\u010dka | Noty | HUDOBN\u00c9 PODKLADY","article_publisher":"https:\/\/www.facebook.com\/petercernickanoty","article_modified_time":"2025-05-11T09:15:01+00:00","og_image":[{"width":1240,"height":1754,"url":"https:\/\/shop.petercernicka.eu\/wp-content\/uploads\/2021\/06\/Ten-Nemcickej-kostelicek-Parts.jpg","type":"image\/jpeg"}],"twitter_card":"summary_large_image","twitter_description":"[audio mp3=\"https:\/\/shop.petercernicka.eu\/wp-content\/uploads\/2021\/06\/Ten-Nemcickej-kostelicek.mp3\"][\/audio]","twitter_misc":{"Gesch\u00e4tzte Lesezeit":"1\u00a0Minute"},"schema":{"@context":"https:\/\/schema.org","@graph":[{"@type":"WebPage","@id":"https:\/\/shop.petercernicka.eu\/shop\/dychova-hudba\/ten-nemcickej-kostelicek\/","url":"https:\/\/shop.petercernicka.eu\/shop\/dychova-hudba\/ten-nemcickej-kostelicek\/","name":"Ten N\u011bm\u010dickej kostel\u00ed\u010dek - Peter \u010cerni\u010dka | Noty | HUDOBN\u00c9 PODKLADY","isPartOf":{"@id":"https:\/\/shop.petercernicka.eu\/#website"},"primaryImageOfPage":{"@id":"https:\/\/shop.petercernicka.eu\/shop\/dychova-hudba\/ten-nemcickej-kostelicek\/#primaryimage"},"image":{"@id":"https:\/\/shop.petercernicka.eu\/shop\/dychova-hudba\/ten-nemcickej-kostelicek\/#primaryimage"},"thumbnailUrl":"https:\/\/shop.petercernicka.eu\/wp-content\/uploads\/2021\/06\/Ten-Nemcickej-kostelicek-Parts.jpg","datePublished":"2021-06-18T06:11:51+00:00","dateModified":"2025-05-11T09:15:01+00:00","breadcrumb":{"@id":"https:\/\/shop.petercernicka.eu\/shop\/dychova-hudba\/ten-nemcickej-kostelicek\/#breadcrumb"},"inLanguage":"de","potentialAction":[{"@type":"ReadAction","target":["https:\/\/shop.petercernicka.eu\/shop\/dychova-hudba\/ten-nemcickej-kostelicek\/"]}]},{"@type":"ImageObject","inLanguage":"de","@id":"https:\/\/shop.petercernicka.eu\/shop\/dychova-hudba\/ten-nemcickej-kostelicek\/#primaryimage","url":"https:\/\/shop.petercernicka.eu\/wp-content\/uploads\/2021\/06\/Ten-Nemcickej-kostelicek-Parts.jpg","contentUrl":"https:\/\/shop.petercernicka.eu\/wp-content\/uploads\/2021\/06\/Ten-Nemcickej-kostelicek-Parts.jpg","width":1240,"height":1754,"caption":"noty pro dechovku"},{"@type":"BreadcrumbList","@id":"https:\/\/shop.petercernicka.eu\/shop\/dychova-hudba\/ten-nemcickej-kostelicek\/#breadcrumb","itemListElement":[{"@type":"ListItem","position":1,"name":"Home","item":"https:\/\/shop.petercernicka.eu\/"},{"@type":"ListItem","position":2,"name":"Produkty","item":"https:\/\/shop.petercernicka.eu\/obchod\/"},{"@type":"ListItem","position":3,"name":"Ten N\u011bm\u010dickej kostel\u00ed\u010dek"}]},{"@type":"WebSite","@id":"https:\/\/shop.petercernicka.eu\/#website","url":"https:\/\/shop.petercernicka.eu\/","name":"Peter \u010cerni\u010dka | Noty | HUDOBN\u00c9 PODKLADY","description":"Volkslieder, Schlager, Tschechoslowakische Schlager, Zigeunerlieder, Evergreens, Weihnachtslieder","potentialAction":[{"@type":"SearchAction","target":{"@type":"EntryPoint","urlTemplate":"https:\/\/shop.petercernicka.eu\/?s={search_term_string}"},"query-input":{"@type":"PropertyValueSpecification","valueRequired":true,"valueName":"search_term_string"}}],"inLanguage":"de"}]}},"_links":{"self":[{"href":"https:\/\/shop.petercernicka.eu\/de\/wp-json\/wp\/v2\/product\/2659","targetHints":{"allow":["GET"]}}],"collection":[{"href":"https:\/\/shop.petercernicka.eu\/de\/wp-json\/wp\/v2\/product"}],"about":[{"href":"https:\/\/shop.petercernicka.eu\/de\/wp-json\/wp\/v2\/types\/product"}],"replies":[{"embeddable":true,"href":"https:\/\/shop.petercernicka.eu\/de\/wp-json\/wp\/v2\/comments?post=2659"}],"wp:featuredmedia":[{"embeddable":true,"href":"https:\/\/shop.petercernicka.eu\/de\/wp-json\/wp\/v2\/media\/2672"}],"wp:attachment":[{"href":"https:\/\/shop.petercernicka.eu\/de\/wp-json\/wp\/v2\/media?parent=2659"}],"wp:term":[{"taxonomy":"product_brand","embeddable":true,"href":"https:\/\/shop.petercernicka.eu\/de\/wp-json\/wp\/v2\/product_brand?post=2659"},{"taxonomy":"product_cat","embeddable":true,"href":"https:\/\/shop.petercernicka.eu\/de\/wp-json\/wp\/v2\/product_cat?post=2659"},{"taxonomy":"product_tag","embeddable":true,"href":"https:\/\/shop.petercernicka.eu\/de\/wp-json\/wp\/v2\/product_tag?post=2659"}],"curies":[{"name":"wp","href":"https:\/\/api.w.org\/{rel}","templated":true}]}}

Ten Němčickej kostelíček

<p><span style="color: #000000;">[: Ten Němčickej kostelíček</span><br />
<span style="color: #000000;">kolem něho černá zem :]</span><br />
<span style="color: #000000;">[: Až já tudy půjdu, dívati se budu</span><br />
<span style="color: #000000;">zdali jede miláček :]</span></p>
<p><span style="color: #000000;">[: Můj miláček jede, jede</span><br />
<span style="color: #000000;">to na vraném koníčku :]</span><br />
<span style="color: #000000;">[: Šátečkem si mává a sobě připíná</span><br />
<span style="color: #000000;">ocelovou šavličku :]</span></p>
<p><span style="color: #000000;">[: Když šavličku sobě připjal</span><br />
<span style="color: #000000;">přežalostně zaplakal :]</span><br />
<span style="color: #000000;">[: Škoda je tě, holka, holka modrooká,</span><br />
<span style="color: #000000;">že já jsem tě nedostal :]</span></p>
<p>&nbsp;</p>

<!-- This site is optimized with the Yoast SEO plugin v27.4 - https://yoast.com/product/yoast-seo-wordpress/ -->
<title>Ten Němčickej kostelíček - Peter Černička | Noty | HUDOBNÉ PODKLADY</title>
<meta name="robots" content="index, follow, max-snippet:-1, max-image-preview:large, max-video-preview:-1" />
<link rel="canonical" href="https://shop.petercernicka.eu/de/shop/dychova-hudba/ten-nemcickej-kostelicek/" />
<meta property="og:locale" content="de_DE" />
<meta property="og:type" content="article" />
<meta property="og:title" content="Ten Němčickej kostelíček - Noty pre dychovú hudbu" />
<meta property="og:url" content="https://shop.petercernicka.eu/de/shop/dychova-hudba/ten-nemcickej-kostelicek/" />
<meta property="og:site_name" content="Peter Černička | Noty | HUDOBNÉ PODKLADY" />
<meta property="article:publisher" content="https://www.facebook.com/petercernickanoty" />
<meta property="article:modified_time" content="2025-05-11T09:15:01+00:00" />
<meta property="og:image" content="https://shop.petercernicka.eu/wp-content/uploads/2021/06/Ten-Nemcickej-kostelicek-Parts.jpg" />
	<meta property="og:image:width" content="1240" />
	<meta property="og:image:height" content="1754" />
	<meta property="og:image:type" content="image/jpeg" />
<meta name="twitter:card" content="summary_large_image" />
<meta name="twitter:description" content="[audio mp3=&quot;https://shop.petercernicka.eu/wp-content/uploads/2021/06/Ten-Nemcickej-kostelicek.mp3&quot;][/audio]" />
<meta name="twitter:label1" content="Geschätzte Lesezeit" />
	<meta name="twitter:data1" content="1 Minute" />
<script type="application/ld+json" class="yoast-schema-graph">{"@context":"https:\/\/schema.org","@graph":[{"@type":"WebPage","@id":"https:\/\/shop.petercernicka.eu\/shop\/dychova-hudba\/ten-nemcickej-kostelicek\/","url":"https:\/\/shop.petercernicka.eu\/shop\/dychova-hudba\/ten-nemcickej-kostelicek\/","name":"Ten Němčickej kostelíček - Peter Černička | Noty | HUDOBNÉ PODKLADY","isPartOf":{"@id":"https:\/\/shop.petercernicka.eu\/#website"},"primaryImageOfPage":{"@id":"https:\/\/shop.petercernicka.eu\/shop\/dychova-hudba\/ten-nemcickej-kostelicek\/#primaryimage"},"image":{"@id":"https:\/\/shop.petercernicka.eu\/shop\/dychova-hudba\/ten-nemcickej-kostelicek\/#primaryimage"},"thumbnailUrl":"https:\/\/shop.petercernicka.eu\/wp-content\/uploads\/2021\/06\/Ten-Nemcickej-kostelicek-Parts.jpg","datePublished":"2021-06-18T06:11:51+00:00","dateModified":"2025-05-11T09:15:01+00:00","breadcrumb":{"@id":"https:\/\/shop.petercernicka.eu\/shop\/dychova-hudba\/ten-nemcickej-kostelicek\/#breadcrumb"},"inLanguage":"de","potentialAction":[{"@type":"ReadAction","target":["https:\/\/shop.petercernicka.eu\/shop\/dychova-hudba\/ten-nemcickej-kostelicek\/"]}]},{"@type":"ImageObject","inLanguage":"de","@id":"https:\/\/shop.petercernicka.eu\/shop\/dychova-hudba\/ten-nemcickej-kostelicek\/#primaryimage","url":"https:\/\/shop.petercernicka.eu\/wp-content\/uploads\/2021\/06\/Ten-Nemcickej-kostelicek-Parts.jpg","contentUrl":"https:\/\/shop.petercernicka.eu\/wp-content\/uploads\/2021\/06\/Ten-Nemcickej-kostelicek-Parts.jpg","width":1240,"height":1754,"caption":"noty pro dechovku"},{"@type":"BreadcrumbList","@id":"https:\/\/shop.petercernicka.eu\/shop\/dychova-hudba\/ten-nemcickej-kostelicek\/#breadcrumb","itemListElement":[{"@type":"ListItem","position":1,"name":"Home","item":"https:\/\/shop.petercernicka.eu\/"},{"@type":"ListItem","position":2,"name":"Produkty","item":"https:\/\/shop.petercernicka.eu\/obchod\/"},{"@type":"ListItem","position":3,"name":"Ten Němčickej kostelíček"}]},{"@type":"WebSite","@id":"https:\/\/shop.petercernicka.eu\/#website","url":"https:\/\/shop.petercernicka.eu\/","name":"Peter Černička | Noty | HUDOBNÉ PODKLADY","description":"ľudové piesne, populárne šlágre, česko-slovenské hity, cigánske piesne, ewergreeny, vianočné koledy","potentialAction":[{"@type":"SearchAction","target":{"@type":"EntryPoint","urlTemplate":"https:\/\/shop.petercernicka.eu\/?s={search_term_string}"},"query-input":{"@type":"PropertyValueSpecification","valueRequired":true,"valueName":"search_term_string"}}],"inLanguage":"de"}]}</script>
<!-- / Yoast SEO plugin. -->

Ten Němčickej kostelíček - Peter Černička | Noty | HUDOBNÉ PODKLADY

Ten Němčickej kostelíček - Noty pre dychovú hudbu

Peter Černička | Noty | HUDOBNÉ PODKLADY
